{"id":922,"date":"2021-02-05T00:07:07","date_gmt":"2021-02-05T05:07:07","guid":{"rendered":"https:\/\/www.igp.gob.pe\/observatorios\/radio-observatorio-jicamarca\/?page_id=922"},"modified":"2021-05-24T15:45:32","modified_gmt":"2021-05-24T20:45:32","slug":"piura-vhf-radar","status":"publish","type":"page","link":"https:\/\/www.igp.gob.pe\/observatorios\/radio-observatorio-jicamarca\/?page_id=922","title":{"rendered":"PIURA VHF RADAR"},"content":{"rendered":"\t\t<div data-elementor-type=\"wp-page\" data-elementor-id=\"922\" class=\"elementor elementor-922\" data-elementor-settings=\"[]\">\n\t\t\t\t\t\t<div class=\"elementor-inner\">\n\t\t\t\t\t\t\t<div class=\"elementor-section-wrap\">\n\t\t\t\t\t\t\t<section class=\"elementor-section elementor-top-section elementor-element elementor-element-2407aa8c elementor-section-stretched elementor-section-boxed elementor-section-height-default elementor-section-height-default\" data-id=\"2407aa8c\" data-element_type=\"section\" data-settings=\"{&quot;stretch_section&quot;:&quot;section-stretched&quot;}\">\n\t\t\t\t\t\t<div class=\"elementor-container elementor-column-gap-default\">\n\t\t\t\t\t\t\t<div class=\"elementor-row\">\n\t\t\t\t\t<div class=\"elementor-column elementor-col-100 elementor-top-column elementor-element elementor-element-ee4a51e\" data-id=\"ee4a51e\" data-element_type=\"column\">\n\t\t\t<div class=\"elementor-column-wrap elementor-element-populated\">\n\t\t\t\t\t\t\t<div class=\"elementor-widget-wrap\">\n\t\t\t\t\t\t<div class=\"elementor-element elementor-element-124fcfaa elementor-widget elementor-widget-text-editor\" data-id=\"124fcfaa\" data-element_type=\"widget\" data-widget_type=\"text-editor.default\">\n\t\t\t\t<div class=\"elementor-widget-container\">\n\t\t\t\t\t<div class=\"elementor-text-editor elementor-clearfix\"><p>PIURA VHF RADAR<\/p><\/div>\n\t\t\t\t<\/div>\n\t\t\t\t<\/div>\n\t\t\t\t\t\t<\/div>\n\t\t\t\t\t<\/div>\n\t\t<\/div>\n\t\t\t\t\t\t\t\t<\/div>\n\t\t\t\t\t<\/div>\n\t\t<\/section>\n\t\t\t\t<section class=\"elementor-section elementor-top-section elementor-element elementor-element-60182d9d elementor-section-stretched elementor-section-boxed elementor-section-height-default elementor-section-height-default\" data-id=\"60182d9d\" data-element_type=\"section\" data-settings=\"{&quot;stretch_section&quot;:&quot;section-stretched&quot;}\">\n\t\t\t\t\t\t<div class=\"elementor-container elementor-column-gap-default\">\n\t\t\t\t\t\t\t<div class=\"elementor-row\">\n\t\t\t\t\t<div class=\"elementor-column elementor-col-100 elementor-top-column elementor-element elementor-element-1d20960a\" data-id=\"1d20960a\" data-element_type=\"column\">\n\t\t\t<div class=\"elementor-column-wrap elementor-element-populated\">\n\t\t\t\t\t\t\t<div class=\"elementor-widget-wrap\">\n\t\t\t\t\t\t<div class=\"elementor-element elementor-element-6fa53f14 elementor-widget elementor-widget-text-editor\" data-id=\"6fa53f14\" data-element_type=\"widget\" data-widget_type=\"text-editor.default\">\n\t\t\t\t<div class=\"elementor-widget-container\">\n\t\t\t\t\t<div class=\"elementor-text-editor elementor-clearfix\"><p style=\"text-align: justify;\">El radar Piura VHF (7\u00ba N latitud de inclinaci\u00f3n) fue construido en 1989 por la Oficina Nacional de Administraci\u00f3n Oce\u00e1nica y Atmosf\u00e9rica (EE.UU.), el Instituto Cooperativo de Investigaci\u00f3n en Ciencias Ambientales de la Universidad de Colorado (EE.UU.) y dos instituciones peruanas: la Universidad de Piura y el Instituto Geof\u00edsico del Per\u00fa.<br \/>El radar de Piura constituye el elemento m\u00e1s oriental de una serie de radares atmosf\u00e9ricos ubicados cerca de la geograf\u00eda ecuatorial en el sector del Oc\u00e9ano Pac\u00edfico. El objetivo principal de este radar es estudiar la din\u00e1mica atmosf\u00e9rica inferior operando como un perfilador del viento. Casualmente, uno de sus puntos de posici\u00f3n de haz predefinido apunta perpendicularmente al campo magn\u00e9tico.<\/p><p style=\"text-align: justify;\"><img loading=\"lazy\" decoding=\"async\" border=\"0\" src=\"http:\/\/10.10.110.70\/english\/facilities\/fotoPiura.gif\" align=\"left\" hspace=\"10\" vspace=\"10\" width=\"480\" height=\"320\" \/><\/p><p style=\"text-align: justify;\">Desde 1991, hemos llevado a cabo experimentos ionosf\u00e9ricos intermitentes hasta 1999. Los resultados preliminares basados en estas observaciones se pueden encontrar en Woodman et al., [1999] y Chau &amp;amp; Woodman [1999] . Desde enero de 2000 estamos recibiendo mediciones &amp;quot;continuas&amp;quot; de las irregularidades de la regi\u00f3n E. Las estad\u00edsticas de estas mediciones han sido presentadas en Annales Geophysicae [ Chau et al., 2001 ].<br \/>Entre otros resultados importantes que hemos encontrado tenemos: (1) Las irregularidades de la regi\u00f3n E se asemejan m\u00e1s a las irregularidades de latitudes medias que a las ecuatoriales, (2) Los ecos de la regi\u00f3n E son m\u00e1s fuertes y ocurren m\u00e1s durante el verano local (diciembre-marzo),(3) Los ecos m\u00e1s d\u00e9biles y la menor frecuencia van acompa\u00f1ados de fuertes vientos hacia el norte, (4) Podr\u00edamos utilizar las velocidades Doppler de aquellas irregularidades para medir los vientos meridionales en aquellas alturas (95-110 km).<br \/>Adem\u00e1s, mediante la realizaci\u00f3n simult\u00e1nea de mediciones simult\u00e1neas de la regi\u00f3n F tanto en Jicamarca como en Piura, hemos observado que la ocurrencia estacional y diaria de las irregularidades de la regi\u00f3n F de Piura es similar a la ocurrencia de irregularidades de tipo topside de la F dispersa ecuatorial F (ESF) sobre Jicamarca. Hasta ahora, solo se han observado irregularidades en la parte superior de la regi\u00f3n F sobre Piura. La probabilidad de ocurrencia de irregularidades en la regi\u00f3n F sobre Piura y, por lo tanto, los ecos topside de la ESF sobre Jicamarca es mayor cuando no hay irregularidades en la regi\u00f3n E sobre Piura. Por otro lado, hay mayor probabilidad en observar irregularidades de tipo inferior\/ lado inferior en el ESF sobre Jicamarca cuando se observan irregularidades en la regi\u00f3n E sobre Piura. Sin embargo, no hemos tenido en cuenta los acontecimientos que se producen cuando no hay una temporada F extendida.<br \/>Adem\u00e1s de estas caracter\u00edsticas estad\u00edsticas generales, estamos planeando llevar a cabo experimentos de im\u00e1genes de radar en Piura similares a los realizados en Jicamarca [por ejemplo, Hysell y Chau, 2001] con el fin de obtener una mejor comprensi\u00f3n de estos ecos. Las antenas receptoras ya han sido construidas e instaladas. Los experimentos preliminares fueron realizados en el mes de agosto, aunque obtuvimos s\u00f3lo unas pocas horas de datos razonables. En ese momento experimentamos una fuerte interferencia y hubo menos ecos m\u00e1s d\u00e9biles, tal como se esperaba en nuestras estad\u00edsticas. Esperamos realizar nuevos experimentos el pr\u00f3ximo verano, cuando se espera que los ecos sean m\u00e1s fuertes y ocurran con m\u00e1s frecuencia, con un sistema de adquisici\u00f3n mejorado.<\/p><\/div>\n\t\t\t\t<\/div>\n\t\t\t\t<\/div>\n\t\t\t\t\t\t<\/div>\n\t\t\t\t\t<\/div>\n\t\t<\/div>\n\t\t\t\t\t\t\t\t<\/div>\n\t\t\t\t\t<\/div>\n\t\t<\/section>\n\t\t\t\t\t\t<\/div>\n\t\t\t\t\t\t<\/div>\n\t\t\t\t\t<\/div>\n\t\t","protected":false},"excerpt":{"rendered":"<p>PIURA VHF RADAR El radar Piura VHF (7\u00ba N latitud de inclinaci\u00f3n) fue construido en 1989 por la Oficina Nacional de Administraci\u00f3n Oce\u00e1nica y Atmosf\u00e9rica (EE.UU.), el Instituto Cooperativo de Investigaci\u00f3n en Ciencias Ambientales de la Universidad de Colorado (EE.UU.) y dos instituciones peruanas: la Universidad de Piura y el [&hellip;]<\/p>\n","protected":false},"author":1,"featured_media":0,"parent":6071,"menu_order":0,"comment_status":"closed","ping_status":"closed","template":"page-templates\/template-fullwidth.php","meta":{"footnotes":""},"class_list":["post-922","page","type-page","status-publish","hentry"],"jetpack_sharing_enabled":true,"_links":{"self":[{"href":"https:\/\/www.igp.gob.pe\/observatorios\/radio-observatorio-jicamarca\/index.php?rest_route=\/wp\/v2\/pages\/922","targetHints":{"allow":["GET"]}}],"collection":[{"href":"https:\/\/www.igp.gob.pe\/observatorios\/radio-observatorio-jicamarca\/index.php?rest_route=\/wp\/v2\/pages"}],"about":[{"href":"https:\/\/www.igp.gob.pe\/observatorios\/radio-observatorio-jicamarca\/index.php?rest_route=\/wp\/v2\/types\/page"}],"author":[{"embeddable":true,"href":"https:\/\/www.igp.gob.pe\/observatorios\/radio-observatorio-jicamarca\/index.php?rest_route=\/wp\/v2\/users\/1"}],"replies":[{"embeddable":true,"href":"https:\/\/www.igp.gob.pe\/observatorios\/radio-observatorio-jicamarca\/index.php?rest_route=%2Fwp%2Fv2%2Fcomments&post=922"}],"version-history":[{"count":16,"href":"https:\/\/www.igp.gob.pe\/observatorios\/radio-observatorio-jicamarca\/index.php?rest_route=\/wp\/v2\/pages\/922\/revisions"}],"predecessor-version":[{"id":4942,"href":"https:\/\/www.igp.gob.pe\/observatorios\/radio-observatorio-jicamarca\/index.php?rest_route=\/wp\/v2\/pages\/922\/revisions\/4942"}],"up":[{"embeddable":true,"href":"https:\/\/www.igp.gob.pe\/observatorios\/radio-observatorio-jicamarca\/index.php?rest_route=\/wp\/v2\/pages\/6071"}],"wp:attachment":[{"href":"https:\/\/www.igp.gob.pe\/observatorios\/radio-observatorio-jicamarca\/index.php?rest_route=%2Fwp%2Fv2%2Fmedia&parent=922"}],"curies":[{"name":"wp","href":"https:\/\/api.w.org\/{rel}","templated":true}]}}