{"id":43,"date":"2021-01-06T17:25:27","date_gmt":"2021-01-06T22:25:27","guid":{"rendered":"https:\/\/www.igp.gob.pe\/observatorios\/radio-observatorio-jicamarca\/?page_id=43"},"modified":"2021-04-26T08:37:26","modified_gmt":"2021-04-26T13:37:26","slug":"antenas","status":"publish","type":"page","link":"https:\/\/www.igp.gob.pe\/observatorios\/radio-observatorio-jicamarca\/?page_id=43","title":{"rendered":"Antenas"},"content":{"rendered":"\t\t<div data-elementor-type=\"wp-page\" data-elementor-id=\"43\" class=\"elementor elementor-43\" data-elementor-settings=\"[]\">\n\t\t\t\t\t\t<div class=\"elementor-inner\">\n\t\t\t\t\t\t\t<div class=\"elementor-section-wrap\">\n\t\t\t\t\t\t\t<section class=\"elementor-section elementor-top-section elementor-element elementor-element-be78674 elementor-section-stretched elementor-section-boxed elementor-section-height-default elementor-section-height-default\" data-id=\"be78674\" data-element_type=\"section\" data-settings=\"{&quot;stretch_section&quot;:&quot;section-stretched&quot;}\">\n\t\t\t\t\t\t<div class=\"elementor-container elementor-column-gap-default\">\n\t\t\t\t\t\t\t<div class=\"elementor-row\">\n\t\t\t\t\t<div class=\"elementor-column elementor-col-100 elementor-top-column elementor-element elementor-element-b8f6efb\" data-id=\"b8f6efb\" data-element_type=\"column\">\n\t\t\t<div class=\"elementor-column-wrap elementor-element-populated\">\n\t\t\t\t\t\t\t<div class=\"elementor-widget-wrap\">\n\t\t\t\t\t\t<div class=\"elementor-element elementor-element-4651d04 elementor-widget elementor-widget-heading\" data-id=\"4651d04\" data-element_type=\"widget\" data-widget_type=\"heading.default\">\n\t\t\t\t<div class=\"elementor-widget-container\">\n\t\t\t<h3 class=\"elementor-heading-title elementor-size-default\">ANTENAS<\/h3>\t\t<\/div>\n\t\t\t\t<\/div>\n\t\t\t\t\t\t<\/div>\n\t\t\t\t\t<\/div>\n\t\t<\/div>\n\t\t\t\t\t\t\t\t<\/div>\n\t\t\t\t\t<\/div>\n\t\t<\/section>\n\t\t\t\t<section class=\"elementor-section elementor-top-section elementor-element elementor-element-367b3a8a elementor-section-stretched elementor-section-boxed elementor-section-height-default elementor-section-height-default\" data-id=\"367b3a8a\" data-element_type=\"section\" data-settings=\"{&quot;stretch_section&quot;:&quot;section-stretched&quot;}\">\n\t\t\t\t\t\t<div class=\"elementor-container elementor-column-gap-default\">\n\t\t\t\t\t\t\t<div class=\"elementor-row\">\n\t\t\t\t\t<div class=\"elementor-column elementor-col-100 elementor-top-column elementor-element elementor-element-aebeec6\" data-id=\"aebeec6\" data-element_type=\"column\">\n\t\t\t<div class=\"elementor-column-wrap elementor-element-populated\">\n\t\t\t\t\t\t\t<div class=\"elementor-widget-wrap\">\n\t\t\t\t\t\t<div class=\"elementor-element elementor-element-85f0b1b elementor-widget elementor-widget-text-editor\" data-id=\"85f0b1b\" data-element_type=\"widget\" data-widget_type=\"text-editor.default\">\n\t\t\t\t<div class=\"elementor-widget-container\">\n\t\t\t\t\t<div class=\"elementor-text-editor elementor-clearfix\"><p>La antena principal ISR de Jicamarca consiste en un arreglo de 18,432 dipolos de onda media que cubre un \u00e1rea 290 m x 290 m y est\u00e1n divididos hasta en 64 m\u00f3dulos de 144 dipolos ortogonales que pueden ser enfasados y\/o conectados de cualquier forma. Asimismo, todo cambio de cables se realiza de forma manual, lo que puede tomar un par de horas si dichos cambios son considerables. Existen tres m\u00f3dulos de transmisi\u00f3n separados, cada uno capaz de transmitir m\u00e1s de 1 MW de potencia pico (ciclo m\u00e1ximo de trabajo al 6%, longitud m\u00ednima de pulso de 1 \u00b5s, permitiendo un rango de resoluci\u00f3n de 150 m.). Estos pueden funcionar en conjunto o separados, alimentando diferentes antenas si as\u00ed se configura. Existe un 65mo m\u00f3dulo a 200m al oeste del arreglo principal que, conjuntamente con cuatro o cinco de los 64 m\u00f3dulos, se una solo para recepci\u00f3n y para experimentos de representaci\u00f3n de im\u00e1genes (visite <a href=\"http:\/\/landau.geo.cornell.edu\/\" target=\"_blank\" rel=\"noopener\">http:\/\/landau.geo.cornell.edu\/<\/a> para apreciar algunas im\u00e1genes de irregularidades en las regiones F y E). Muchos de los experimentos no necesitan la m\u00e1xima potencia de los transmisores grandes por lo que para dichos experimentos se puede ahorrar tanto en energ\u00eda como en mano de obra al utilizar solo 100 kW y quiz\u00e1 transmisores m\u00e1s peque\u00f1os de 30 Kw.<\/p>\n<p>El arreglo de antenas apuntan en forma vertical. El haz de potencia media y bi direccional tiene un ancho de aproximadamente 0.7\u00b0, el cual puede ser inclinado hasta 3\u00b0 de su eje por medio de fases. Estas posiciones apuntadoras incluyen posiciones perpendiculares al campo geomagn\u00e9tico. Adem\u00e1s, existen algunas otras antenas de menor tama\u00f1o que pueden ser dirigidas a grandes \u00e1ngulos a la vertical, generalmente normal a B. Hay dos antenas tipo \u201ccolchonetas\u201d que son completamente direccionables en direcci\u00f3n este-oeste: un arreglo de 4 antenas COCO (coaxial, co-linear) y un arreglo de antenas yagi (estos dos \u00faltimos arreglos tambi\u00e9n apuntan al plano E-O). Este \u00faltimo arreglo est\u00e1 compuesta por 16 antenas inclinadas Yagi bien separadas entre s\u00ed, enfasadas tal que el haz es dirigido hacia el oeste a un \u00e1ngulo de cenit de aproximadamente 45 grados (el cual puede variarse si se desea para alg\u00fan experimento en particular). El ancho total de haz a potencia media es de aproximadamente 2 grados. Con esto pueden ser observados la retrodispersi\u00f3n coherente de las irregularidades de plasma en las regiones E y F que ocurren al este del radar de Jicamarca. Las observaciones del electrochorro y de la parte baja y alta de la F dispersa han sido realizadas con el nuevo arreglo durante pruebas.<\/p>\n<p>A\u00fan existe terreno alrededor del observatorio para aumentar antenas para experimentos especiales. Es posible armar arreglos de 1 o m\u00e1s kil\u00f3metros de largo (en ciertas direcciones).<\/p><\/div>\n\t\t\t\t<\/div>\n\t\t\t\t<\/div>\n\t\t\t\t\t\t<\/div>\n\t\t\t\t\t<\/div>\n\t\t<\/div>\n\t\t\t\t\t\t\t\t<\/div>\n\t\t\t\t\t<\/div>\n\t\t<\/section>\n\t\t\t\t\t\t<\/div>\n\t\t\t\t\t\t<\/div>\n\t\t\t\t\t<\/div>\n\t\t","protected":false},"excerpt":{"rendered":"<p>ANTENAS La antena principal ISR de Jicamarca consiste en un arreglo de 18,432 dipolos de onda media que cubre un \u00e1rea 290 m x 290 m y est\u00e1n divididos hasta en 64 m\u00f3dulos de 144 dipolos ortogonales que pueden ser enfasados y\/o conectados de cualquier forma. Asimismo, todo cambio de [&hellip;]<\/p>\n","protected":false},"author":1,"featured_media":0,"parent":451,"menu_order":0,"comment_status":"closed","ping_status":"closed","template":"page-templates\/template-fullwidth.php","meta":{"footnotes":""},"class_list":["post-43","page","type-page","status-publish","hentry"],"jetpack_sharing_enabled":true,"_links":{"self":[{"href":"https:\/\/www.igp.gob.pe\/observatorios\/radio-observatorio-jicamarca\/index.php?rest_route=\/wp\/v2\/pages\/43","targetHints":{"allow":["GET"]}}],"collection":[{"href":"https:\/\/www.igp.gob.pe\/observatorios\/radio-observatorio-jicamarca\/index.php?rest_route=\/wp\/v2\/pages"}],"about":[{"href":"https:\/\/www.igp.gob.pe\/observatorios\/radio-observatorio-jicamarca\/index.php?rest_route=\/wp\/v2\/types\/page"}],"author":[{"embeddable":true,"href":"https:\/\/www.igp.gob.pe\/observatorios\/radio-observatorio-jicamarca\/index.php?rest_route=\/wp\/v2\/users\/1"}],"replies":[{"embeddable":true,"href":"https:\/\/www.igp.gob.pe\/observatorios\/radio-observatorio-jicamarca\/index.php?rest_route=%2Fwp%2Fv2%2Fcomments&post=43"}],"version-history":[{"count":13,"href":"https:\/\/www.igp.gob.pe\/observatorios\/radio-observatorio-jicamarca\/index.php?rest_route=\/wp\/v2\/pages\/43\/revisions"}],"predecessor-version":[{"id":4842,"href":"https:\/\/www.igp.gob.pe\/observatorios\/radio-observatorio-jicamarca\/index.php?rest_route=\/wp\/v2\/pages\/43\/revisions\/4842"}],"up":[{"embeddable":true,"href":"https:\/\/www.igp.gob.pe\/observatorios\/radio-observatorio-jicamarca\/index.php?rest_route=\/wp\/v2\/pages\/451"}],"wp:attachment":[{"href":"https:\/\/www.igp.gob.pe\/observatorios\/radio-observatorio-jicamarca\/index.php?rest_route=%2Fwp%2Fv2%2Fmedia&parent=43"}],"curies":[{"name":"wp","href":"https:\/\/api.w.org\/{rel}","templated":true}]}}