{"id":3637,"date":"2021-03-22T16:27:29","date_gmt":"2021-03-22T21:27:29","guid":{"rendered":"https:\/\/www.igp.gob.pe\/observatorios\/radio-observatorio-jicamarca\/?page_id=3637"},"modified":"2021-06-01T11:07:14","modified_gmt":"2021-06-01T16:07:14","slug":"useful-on-line-programs","status":"publish","type":"page","link":"https:\/\/www.igp.gob.pe\/observatorios\/radio-observatorio-jicamarca\/?page_id=3637","title":{"rendered":"USEFUL ON-LINE PROGRAMS"},"content":{"rendered":"\t\t<div data-elementor-type=\"wp-page\" data-elementor-id=\"3637\" class=\"elementor elementor-3637\" data-elementor-settings=\"[]\">\n\t\t\t\t\t\t<div class=\"elementor-inner\">\n\t\t\t\t\t\t\t<div class=\"elementor-section-wrap\">\n\t\t\t\t\t\t\t<section class=\"elementor-section elementor-top-section elementor-element elementor-element-3364b0e elementor-section-stretched elementor-section-boxed elementor-section-height-default elementor-section-height-default\" data-id=\"3364b0e\" data-element_type=\"section\" data-settings=\"{&quot;stretch_section&quot;:&quot;section-stretched&quot;}\">\n\t\t\t\t\t\t<div class=\"elementor-container elementor-column-gap-default\">\n\t\t\t\t\t\t\t<div class=\"elementor-row\">\n\t\t\t\t\t<div class=\"elementor-column elementor-col-100 elementor-top-column elementor-element elementor-element-2a31d6f\" data-id=\"2a31d6f\" data-element_type=\"column\">\n\t\t\t<div class=\"elementor-column-wrap elementor-element-populated\">\n\t\t\t\t\t\t\t<div class=\"elementor-widget-wrap\">\n\t\t\t\t\t\t<div class=\"elementor-element elementor-element-2747367 elementor-widget elementor-widget-text-editor\" data-id=\"2747367\" data-element_type=\"widget\" data-widget_type=\"text-editor.default\">\n\t\t\t\t<div class=\"elementor-widget-container\">\n\t\t\t\t\t<div class=\"elementor-text-editor elementor-clearfix\"><p>USEFUL ON-LINE PROGRAMS<\/p><\/div>\n\t\t\t\t<\/div>\n\t\t\t\t<\/div>\n\t\t\t\t\t\t<\/div>\n\t\t\t\t\t<\/div>\n\t\t<\/div>\n\t\t\t\t\t\t\t\t<\/div>\n\t\t\t\t\t<\/div>\n\t\t<\/section>\n\t\t\t\t<section class=\"elementor-section elementor-top-section elementor-element elementor-element-6646cda elementor-section-stretched elementor-section-boxed elementor-section-height-default elementor-section-height-default\" data-id=\"6646cda\" data-element_type=\"section\" data-settings=\"{&quot;stretch_section&quot;:&quot;section-stretched&quot;}\">\n\t\t\t\t\t\t<div class=\"elementor-container elementor-column-gap-default\">\n\t\t\t\t\t\t\t<div class=\"elementor-row\">\n\t\t\t\t\t<div class=\"elementor-column elementor-col-100 elementor-top-column elementor-element elementor-element-350c4d8\" data-id=\"350c4d8\" data-element_type=\"column\">\n\t\t\t<div class=\"elementor-column-wrap elementor-element-populated\">\n\t\t\t\t\t\t\t<div class=\"elementor-widget-wrap\">\n\t\t\t\t\t\t<div class=\"elementor-element elementor-element-7c22585 elementor-widget elementor-widget-text-editor\" data-id=\"7c22585\" data-element_type=\"widget\" data-widget_type=\"text-editor.default\">\n\t\t\t\t<div class=\"elementor-widget-container\">\n\t\t\t\t\t<div class=\"elementor-text-editor elementor-clearfix\"><p style=\"text-align: justify;\"><span>A list of useful programs for the Jicamarca Radio Observatory researchers.<\/span><\/p><ul><li style=\"text-align: justify;\"><a href=\"\/jro\/?page_id=2231\">Sky-noise<\/a><\/li><li style=\"text-align: justify;\"><a href=\"\/jro\/?page_id=2240\">Over_JRO_New<\/a><span>\u00a0<\/span>\u00a0\u00a0<a href=\"\/jro\/?page_id=2248\">Over JRO_OLD<\/a><span>\u00a0<\/span>(bajar<span>\u00a0<\/span><a href=\"\/jro\/?page_id=2250\">.sav IDL 6.3 version<\/a>\u00a0 [archivo zip] 11 de Dic. 2006)<\/li><li><a title=\"Esta tabla muestra los d\u00edas de un a\u00f1o en forma de n\u00fameros.\" href=\"\/jro\/?page_id=2252\" target=\"_blank\" rel=\"noopener\">Days within a year table<\/a><\/li><li style=\"text-align: justify;\"><a href=\"\/jro\/?page_id=2253\" target=\"_blank\" rel=\"noopener\">Radiation Pattern of Jicamarca Antenna<\/a><\/li><li style=\"text-align: justify;\"><a target=\"_blank\" title=\"Basado en mediciones hechas por la Digisonda en Jicamarca, este programa detenermina en condiciones actuales la Frecuencia M\u00e1xima Utilizable para diferentes enlaces de comunicaci\u00f3n HF dentro del Per\u00fa.\" href=\"\/jro\/?page_id=2254\" rel=\"noopener\">Maximum Usable Frequencies (MUF) in Peru<\/a><\/li><li style=\"text-align: justify;\"><a target=\"_blank\" title=\"Este programa habilita un trazado del model empirico de la deriva vertical para zona ecuatorial. Entre otras variables, el usuario especifica la fecha, el flujo solar, etc.\" href=\"\/jro\/?page_id=2255\" rel=\"noopener\">Equatorial Vertical Drift Model<\/a><\/li><\/ul><\/div>\n\t\t\t\t<\/div>\n\t\t\t\t<\/div>\n\t\t\t\t\t\t<\/div>\n\t\t\t\t\t<\/div>\n\t\t<\/div>\n\t\t\t\t\t\t\t\t<\/div>\n\t\t\t\t\t<\/div>\n\t\t<\/section>\n\t\t\t\t\t\t<\/div>\n\t\t\t\t\t\t<\/div>\n\t\t\t\t\t<\/div>\n\t\t","protected":false},"excerpt":{"rendered":"<p>USEFUL ON-LINE PROGRAMS A list of useful programs for the Jicamarca Radio Observatory researchers. Sky-noise Over_JRO_New\u00a0\u00a0\u00a0Over JRO_OLD\u00a0(bajar\u00a0.sav IDL 6.3 version\u00a0 [archivo zip] 11 de Dic. 2006) Days within a year table Radiation Pattern of Jicamarca Antenna Maximum Usable Frequencies (MUF) in Peru Equatorial Vertical Drift Model<\/p>\n","protected":false},"author":1,"featured_media":0,"parent":3560,"menu_order":0,"comment_status":"closed","ping_status":"closed","template":"page-templates\/template-fullwidth.php","meta":{"footnotes":""},"class_list":["post-3637","page","type-page","status-publish","hentry"],"jetpack_sharing_enabled":true,"_links":{"self":[{"href":"https:\/\/www.igp.gob.pe\/observatorios\/radio-observatorio-jicamarca\/index.php?rest_route=\/wp\/v2\/pages\/3637","targetHints":{"allow":["GET"]}}],"collection":[{"href":"https:\/\/www.igp.gob.pe\/observatorios\/radio-observatorio-jicamarca\/index.php?rest_route=\/wp\/v2\/pages"}],"about":[{"href":"https:\/\/www.igp.gob.pe\/observatorios\/radio-observatorio-jicamarca\/index.php?rest_route=\/wp\/v2\/types\/page"}],"author":[{"embeddable":true,"href":"https:\/\/www.igp.gob.pe\/observatorios\/radio-observatorio-jicamarca\/index.php?rest_route=\/wp\/v2\/users\/1"}],"replies":[{"embeddable":true,"href":"https:\/\/www.igp.gob.pe\/observatorios\/radio-observatorio-jicamarca\/index.php?rest_route=%2Fwp%2Fv2%2Fcomments&post=3637"}],"version-history":[{"count":7,"href":"https:\/\/www.igp.gob.pe\/observatorios\/radio-observatorio-jicamarca\/index.php?rest_route=\/wp\/v2\/pages\/3637\/revisions"}],"predecessor-version":[{"id":6178,"href":"https:\/\/www.igp.gob.pe\/observatorios\/radio-observatorio-jicamarca\/index.php?rest_route=\/wp\/v2\/pages\/3637\/revisions\/6178"}],"up":[{"embeddable":true,"href":"https:\/\/www.igp.gob.pe\/observatorios\/radio-observatorio-jicamarca\/index.php?rest_route=\/wp\/v2\/pages\/3560"}],"wp:attachment":[{"href":"https:\/\/www.igp.gob.pe\/observatorios\/radio-observatorio-jicamarca\/index.php?rest_route=%2Fwp%2Fv2%2Fmedia&parent=3637"}],"curies":[{"name":"wp","href":"https:\/\/api.w.org\/{rel}","templated":true}]}}